{"id":34894,"date":"2025-12-14T09:07:24","date_gmt":"2025-12-14T06:07:24","guid":{"rendered":"https:\/\/demo.filizdigital.com\/?post_type=product&#038;p=34894"},"modified":"2025-12-14T09:07:29","modified_gmt":"2025-12-14T06:07:29","slug":"10-km-azami-hiz","status":"publish","type":"product","link":"https:\/\/demo.filizdigital.com\/index.php\/urun\/10-km-azami-hiz\/","title":{"rendered":"10 KM Azami H\u0131z"},"content":{"rendered":"<h3>10 KM Azami H\u0131z Uyar\u0131 Levhas\u0131. Azami H\u0131z ile ilgili uyar\u0131 levhalar\u0131na &#8220;<a title=\"azami h\u0131z uyar\u0131 levhalar\u0131\" href=\"https:\/\/uyarilevha.com\/product-category\/is-guvenlik-levhalari\/azami-hiz-uyari-levhalari\/\">bu kategoriden&#8221;<\/a> ula\u015fabilirsin.<\/h3>\n","protected":false},"excerpt":{"rendered":"<p>10 KM Azami H\u0131z \u0130kaz Levhas\u0131<\/p>\n","protected":false},"featured_media":34912,"comment_status":"open","ping_status":"closed","template":"","meta":[],"product_brand":[],"product_cat":[107],"product_tag":[109,111],"class_list":{"0":"post-34894","1":"product","2":"type-product","3":"status-publish","4":"has-post-thumbnail","6":"product_cat-azami-hiz-uyari-levhalari","7":"product_tag-azami","8":"product_tag-hiz","10":"first","11":"instock","12":"shipping-taxable","13":"purchasable","14":"product-type-variable","15":"has-default-attributes"},"_links":{"self":[{"href":"https:\/\/demo.filizdigital.com\/index.php\/wp-json\/wp\/v2\/product\/34894","targetHints":{"allow":["GET"]}}],"collection":[{"href":"https:\/\/demo.filizdigital.com\/index.php\/wp-json\/wp\/v2\/product"}],"about":[{"href":"https:\/\/demo.filizdigital.com\/index.php\/wp-json\/wp\/v2\/types\/product"}],"replies":[{"embeddable":true,"href":"https:\/\/demo.filizdigital.com\/index.php\/wp-json\/wp\/v2\/comments?post=34894"}],"wp:featuredmedia":[{"embeddable":true,"href":"https:\/\/demo.filizdigital.com\/index.php\/wp-json\/wp\/v2\/media\/34912"}],"wp:attachment":[{"href":"https:\/\/demo.filizdigital.com\/index.php\/wp-json\/wp\/v2\/media?parent=34894"}],"wp:term":[{"taxonomy":"product_brand","embeddable":true,"href":"https:\/\/demo.filizdigital.com\/index.php\/wp-json\/wp\/v2\/product_brand?post=34894"},{"taxonomy":"product_cat","embeddable":true,"href":"https:\/\/demo.filizdigital.com\/index.php\/wp-json\/wp\/v2\/product_cat?post=34894"},{"taxonomy":"product_tag","embeddable":true,"href":"https:\/\/demo.filizdigital.com\/index.php\/wp-json\/wp\/v2\/product_tag?post=34894"}],"curies":[{"name":"wp","href":"https:\/\/api.w.org\/{rel}","templated":true}]}}