{"id":34987,"date":"2025-12-14T09:07:33","date_gmt":"2025-12-14T06:07:33","guid":{"rendered":"https:\/\/demo.filizdigital.com\/?post_type=product&#038;p=34987"},"modified":"2025-12-14T09:07:37","modified_gmt":"2025-12-14T06:07:37","slug":"10-metreden-fazla-yaklasma","status":"publish","type":"product","link":"https:\/\/demo.filizdigital.com\/index.php\/urun\/10-metreden-fazla-yaklasma\/","title":{"rendered":"10 Metreden Fazla Yakla\u015fma"},"content":{"rendered":"<h3>10 Metreden Fazla Yakla\u015fma Uyar\u0131 Levhas\u0131. Tehlikeli mesafe ile ilgili uyar\u0131 levhalar\u0131na <a title=\"tehlikeli mesafe uyar\u0131 levhalar\u0131\" href=\"https:\/\/uyarilevha.com\/product-category\/is-guvenlik-levhalari\/tehlikeli-mesafe-uyarilari\/\">&#8220;bu kategoriden&#8221;<\/a> ula\u015fabilirsin.<\/h3>\n","protected":false},"excerpt":{"rendered":"<p>10 Metreden Fazla Yakla\u015fma \u0130kaz Levhas\u0131<\/p>\n","protected":false},"featured_media":35003,"comment_status":"open","ping_status":"closed","template":"","meta":[],"product_brand":[],"product_cat":[116],"product_tag":[117],"class_list":{"0":"post-34987","1":"product","2":"type-product","3":"status-publish","4":"has-post-thumbnail","6":"product_cat-tehlikeli-mesafe-uyarilari","7":"product_tag-mesafe","9":"first","10":"instock","11":"shipping-taxable","12":"purchasable","13":"product-type-variable","14":"has-default-attributes"},"_links":{"self":[{"href":"https:\/\/demo.filizdigital.com\/index.php\/wp-json\/wp\/v2\/product\/34987","targetHints":{"allow":["GET"]}}],"collection":[{"href":"https:\/\/demo.filizdigital.com\/index.php\/wp-json\/wp\/v2\/product"}],"about":[{"href":"https:\/\/demo.filizdigital.com\/index.php\/wp-json\/wp\/v2\/types\/product"}],"replies":[{"embeddable":true,"href":"https:\/\/demo.filizdigital.com\/index.php\/wp-json\/wp\/v2\/comments?post=34987"}],"wp:featuredmedia":[{"embeddable":true,"href":"https:\/\/demo.filizdigital.com\/index.php\/wp-json\/wp\/v2\/media\/35003"}],"wp:attachment":[{"href":"https:\/\/demo.filizdigital.com\/index.php\/wp-json\/wp\/v2\/media?parent=34987"}],"wp:term":[{"taxonomy":"product_brand","embeddable":true,"href":"https:\/\/demo.filizdigital.com\/index.php\/wp-json\/wp\/v2\/product_brand?post=34987"},{"taxonomy":"product_cat","embeddable":true,"href":"https:\/\/demo.filizdigital.com\/index.php\/wp-json\/wp\/v2\/product_cat?post=34987"},{"taxonomy":"product_tag","embeddable":true,"href":"https:\/\/demo.filizdigital.com\/index.php\/wp-json\/wp\/v2\/product_tag?post=34987"}],"curies":[{"name":"wp","href":"https:\/\/api.w.org\/{rel}","templated":true}]}}