{"id":39941,"date":"2025-12-14T09:15:53","date_gmt":"2025-12-14T06:15:53","guid":{"rendered":"https:\/\/demo.filizdigital.com\/?post_type=product&#038;p=39941"},"modified":"2025-12-14T09:15:56","modified_gmt":"2025-12-14T06:15:56","slug":"acmak-icin-itiniz","status":"publish","type":"product","link":"https:\/\/demo.filizdigital.com\/index.php\/urun\/acmak-icin-itiniz\/","title":{"rendered":"A\u00e7mak \u0130\u00e7in \u0130tiniz"},"content":{"rendered":"<p>A\u00e7mak \u0130\u00e7in \u0130tiniz Sa\u011f Y\u00f6n Ka\u00e7\u0131\u015f Y\u00f6nlendirme Levhas\u0131.<\/p>\n","protected":false},"excerpt":{"rendered":"<p>A\u00e7mak \u0130\u00e7in \u0130tiniz Sa\u011fa Y\u00f6nlendirme \u0130kaz Levhas\u0131<\/p>\n","protected":false},"featured_media":39969,"comment_status":"open","ping_status":"closed","template":"","meta":[],"product_brand":[],"product_cat":[154],"product_tag":[234,165],"class_list":{"0":"post-39941","1":"product","2":"type-product","3":"status-publish","4":"has-post-thumbnail","6":"product_cat-acil-cikis-yonlendirmeleri","7":"product_tag-itiniz","8":"product_tag-sag","10":"first","11":"instock","12":"shipping-taxable","13":"purchasable","14":"product-type-variable","15":"has-default-attributes"},"_links":{"self":[{"href":"https:\/\/demo.filizdigital.com\/index.php\/wp-json\/wp\/v2\/product\/39941","targetHints":{"allow":["GET"]}}],"collection":[{"href":"https:\/\/demo.filizdigital.com\/index.php\/wp-json\/wp\/v2\/product"}],"about":[{"href":"https:\/\/demo.filizdigital.com\/index.php\/wp-json\/wp\/v2\/types\/product"}],"replies":[{"embeddable":true,"href":"https:\/\/demo.filizdigital.com\/index.php\/wp-json\/wp\/v2\/comments?post=39941"}],"wp:featuredmedia":[{"embeddable":true,"href":"https:\/\/demo.filizdigital.com\/index.php\/wp-json\/wp\/v2\/media\/39969"}],"wp:attachment":[{"href":"https:\/\/demo.filizdigital.com\/index.php\/wp-json\/wp\/v2\/media?parent=39941"}],"wp:term":[{"taxonomy":"product_brand","embeddable":true,"href":"https:\/\/demo.filizdigital.com\/index.php\/wp-json\/wp\/v2\/product_brand?post=39941"},{"taxonomy":"product_cat","embeddable":true,"href":"https:\/\/demo.filizdigital.com\/index.php\/wp-json\/wp\/v2\/product_cat?post=39941"},{"taxonomy":"product_tag","embeddable":true,"href":"https:\/\/demo.filizdigital.com\/index.php\/wp-json\/wp\/v2\/product_tag?post=39941"}],"curies":[{"name":"wp","href":"https:\/\/api.w.org\/{rel}","templated":true}]}}