{"id":41497,"date":"2025-12-14T09:19:18","date_gmt":"2025-12-14T06:19:18","guid":{"rendered":"https:\/\/demo.filizdigital.com\/?post_type=product&#038;p=41497"},"modified":"2025-12-14T09:19:25","modified_gmt":"2025-12-14T06:19:25","slug":"alevlenebilir-madde","status":"publish","type":"product","link":"https:\/\/demo.filizdigital.com\/index.php\/urun\/alevlenebilir-madde\/","title":{"rendered":"Alevlenebilir Madde"},"content":{"rendered":"<h3>Alevlenebilir Madde Uyar\u0131 Levhas\u0131. A\u00e7\u0131k alev ve ate\u015f ile ilgili t\u00fcm uyar\u0131 levhalara <a class=\"kategori\" title=\"a\u00e7\u0131k alev ve ate\u015f uyar\u0131 levhalar\u0131\" href=\"https:\/\/uyarilevha.com\/product-category\/is-guvenlik-levhalari\/acik-alev-ve-ates-uyari-levhalari\/\">\u201cbu kategoriden\u201d<\/a>\u00a0ula\u015fabilirsin.<\/h3>\n","protected":false},"excerpt":{"rendered":"<p>Alevlenebilir Madde \u0130kaz Levhas\u0131<\/p>\n","protected":false},"featured_media":41519,"comment_status":"open","ping_status":"closed","template":"","meta":[],"product_brand":[],"product_cat":[169],"product_tag":[170,177],"class_list":{"0":"post-41497","1":"product","2":"type-product","3":"status-publish","4":"has-post-thumbnail","6":"product_cat-acik-alev-ve-ates-uyari-levhalari","7":"product_tag-alev","8":"product_tag-madde","10":"first","11":"instock","12":"shipping-taxable","13":"purchasable","14":"product-type-variable","15":"has-default-attributes"},"_links":{"self":[{"href":"https:\/\/demo.filizdigital.com\/index.php\/wp-json\/wp\/v2\/product\/41497","targetHints":{"allow":["GET"]}}],"collection":[{"href":"https:\/\/demo.filizdigital.com\/index.php\/wp-json\/wp\/v2\/product"}],"about":[{"href":"https:\/\/demo.filizdigital.com\/index.php\/wp-json\/wp\/v2\/types\/product"}],"replies":[{"embeddable":true,"href":"https:\/\/demo.filizdigital.com\/index.php\/wp-json\/wp\/v2\/comments?post=41497"}],"wp:featuredmedia":[{"embeddable":true,"href":"https:\/\/demo.filizdigital.com\/index.php\/wp-json\/wp\/v2\/media\/41519"}],"wp:attachment":[{"href":"https:\/\/demo.filizdigital.com\/index.php\/wp-json\/wp\/v2\/media?parent=41497"}],"wp:term":[{"taxonomy":"product_brand","embeddable":true,"href":"https:\/\/demo.filizdigital.com\/index.php\/wp-json\/wp\/v2\/product_brand?post=41497"},{"taxonomy":"product_cat","embeddable":true,"href":"https:\/\/demo.filizdigital.com\/index.php\/wp-json\/wp\/v2\/product_cat?post=41497"},{"taxonomy":"product_tag","embeddable":true,"href":"https:\/\/demo.filizdigital.com\/index.php\/wp-json\/wp\/v2\/product_tag?post=41497"}],"curies":[{"name":"wp","href":"https:\/\/api.w.org\/{rel}","templated":true}]}}