{"id":42344,"date":"2025-12-14T09:20:57","date_gmt":"2025-12-14T06:20:57","guid":{"rendered":"https:\/\/demo.filizdigital.com\/?post_type=product&#038;p=42344"},"modified":"2025-12-14T09:21:08","modified_gmt":"2025-12-14T06:21:08","slug":"apartmana-seyyar-satici-giremez-ilan-etiketi-yapistirmak-yasaktir","status":"publish","type":"product","link":"https:\/\/demo.filizdigital.com\/index.php\/urun\/apartmana-seyyar-satici-giremez-ilan-etiketi-yapistirmak-yasaktir\/","title":{"rendered":"Apartmana Seyyar Sat\u0131c\u0131 Giremez \u0130lan Etiketi Yap\u0131\u015ft\u0131rmak Yasakt\u0131r"},"content":{"rendered":"<h3>Apartmana Seyyar Sat\u0131c\u0131 Giremez \u0130lan Etiketi Yap\u0131\u015ft\u0131rmak Yasakt\u0131r Uyar\u0131 Levhas\u0131. Site y\u00f6netimi ile ilgili t\u00fcm uyar\u0131 levhalara <a class=\"kategori\" title=\"site y\u00f6netimi uyar\u0131 levhalar\u0131\" href=\"https:\/\/uyarilevha.com\/product-category\/is-guvenlik-levhalari\/site-ve-apartman-yonetimi-levhalari\/\">&#8220;bu kategoriden&#8221;<\/a> ula\u015fabilirsin.<\/h3>\n","protected":false},"excerpt":{"rendered":"<p>Apartmana Seyyar Sat\u0131c\u0131 Giremez \u0130lan Etiketi Yap\u0131\u015ft\u0131rmak Yasakt\u0131r \u0130kaz Levhas\u0131<\/p>\n","protected":false},"featured_media":42349,"comment_status":"open","ping_status":"closed","template":"","meta":[],"product_brand":[],"product_cat":[119],"product_tag":[304,305,306,307],"class_list":{"0":"post-42344","1":"product","2":"type-product","3":"status-publish","4":"has-post-thumbnail","6":"product_cat-site-ve-apartman-yonetimi-levhalari","7":"product_tag-apartman","8":"product_tag-ilan","9":"product_tag-reklam","10":"product_tag-satici","12":"first","13":"instock","14":"shipping-taxable","15":"purchasable","16":"product-type-variable","17":"has-default-attributes"},"_links":{"self":[{"href":"https:\/\/demo.filizdigital.com\/index.php\/wp-json\/wp\/v2\/product\/42344","targetHints":{"allow":["GET"]}}],"collection":[{"href":"https:\/\/demo.filizdigital.com\/index.php\/wp-json\/wp\/v2\/product"}],"about":[{"href":"https:\/\/demo.filizdigital.com\/index.php\/wp-json\/wp\/v2\/types\/product"}],"replies":[{"embeddable":true,"href":"https:\/\/demo.filizdigital.com\/index.php\/wp-json\/wp\/v2\/comments?post=42344"}],"wp:featuredmedia":[{"embeddable":true,"href":"https:\/\/demo.filizdigital.com\/index.php\/wp-json\/wp\/v2\/media\/42349"}],"wp:attachment":[{"href":"https:\/\/demo.filizdigital.com\/index.php\/wp-json\/wp\/v2\/media?parent=42344"}],"wp:term":[{"taxonomy":"product_brand","embeddable":true,"href":"https:\/\/demo.filizdigital.com\/index.php\/wp-json\/wp\/v2\/product_brand?post=42344"},{"taxonomy":"product_cat","embeddable":true,"href":"https:\/\/demo.filizdigital.com\/index.php\/wp-json\/wp\/v2\/product_cat?post=42344"},{"taxonomy":"product_tag","embeddable":true,"href":"https:\/\/demo.filizdigital.com\/index.php\/wp-json\/wp\/v2\/product_tag?post=42344"}],"curies":[{"name":"wp","href":"https:\/\/api.w.org\/{rel}","templated":true}]}}