{"id":42485,"date":"2025-12-14T09:21:16","date_gmt":"2025-12-14T06:21:16","guid":{"rendered":"https:\/\/demo.filizdigital.com\/?post_type=product&#038;p=42485"},"modified":"2025-12-14T09:21:22","modified_gmt":"2025-12-14T06:21:22","slug":"apartman-kurallari","status":"publish","type":"product","link":"https:\/\/demo.filizdigital.com\/index.php\/urun\/apartman-kurallari\/","title":{"rendered":"Apartman Kurallar\u0131"},"content":{"rendered":"<h3>Apartman Kurallar\u0131 Uyar\u0131 Levhas\u0131. Site y\u00f6netimi ile ilgili t\u00fcm uyar\u0131 levhalara <a class=\"kategori\" title=\"site y\u00f6netimi uyar\u0131 levhalar\u0131\" href=\"https:\/\/uyarilevha.com\/product-category\/is-guvenlik-levhalari\/site-ve-apartman-yonetimi-levhalari\/\">&#8220;bu kategoriden&#8221;<\/a> ula\u015fabilirsin.<\/h3>\n","protected":false},"excerpt":{"rendered":"<p>Apartman Kurallar\u0131 \u0130kaz Levhas\u0131<\/p>\n","protected":false},"featured_media":42501,"comment_status":"open","ping_status":"closed","template":"","meta":[],"product_brand":[],"product_cat":[119],"product_tag":[304,310,311,312,313,314,315,198,143],"class_list":{"0":"post-42485","1":"product","2":"type-product","3":"status-publish","4":"has-post-thumbnail","6":"product_cat-site-ve-apartman-yonetimi-levhalari","7":"product_tag-apartman","8":"product_tag-bisiklet","9":"product_tag-hali","10":"product_tag-hayvan","11":"product_tag-kedi","12":"product_tag-kopek","13":"product_tag-kurallar","14":"product_tag-motosiklet","15":"product_tag-sigara","17":"first","18":"instock","19":"shipping-taxable","20":"purchasable","21":"product-type-variable","22":"has-default-attributes"},"_links":{"self":[{"href":"https:\/\/demo.filizdigital.com\/index.php\/wp-json\/wp\/v2\/product\/42485","targetHints":{"allow":["GET"]}}],"collection":[{"href":"https:\/\/demo.filizdigital.com\/index.php\/wp-json\/wp\/v2\/product"}],"about":[{"href":"https:\/\/demo.filizdigital.com\/index.php\/wp-json\/wp\/v2\/types\/product"}],"replies":[{"embeddable":true,"href":"https:\/\/demo.filizdigital.com\/index.php\/wp-json\/wp\/v2\/comments?post=42485"}],"wp:featuredmedia":[{"embeddable":true,"href":"https:\/\/demo.filizdigital.com\/index.php\/wp-json\/wp\/v2\/media\/42501"}],"wp:attachment":[{"href":"https:\/\/demo.filizdigital.com\/index.php\/wp-json\/wp\/v2\/media?parent=42485"}],"wp:term":[{"taxonomy":"product_brand","embeddable":true,"href":"https:\/\/demo.filizdigital.com\/index.php\/wp-json\/wp\/v2\/product_brand?post=42485"},{"taxonomy":"product_cat","embeddable":true,"href":"https:\/\/demo.filizdigital.com\/index.php\/wp-json\/wp\/v2\/product_cat?post=42485"},{"taxonomy":"product_tag","embeddable":true,"href":"https:\/\/demo.filizdigital.com\/index.php\/wp-json\/wp\/v2\/product_tag?post=42485"}],"curies":[{"name":"wp","href":"https:\/\/api.w.org\/{rel}","templated":true}]}}