{"id":43189,"date":"2025-12-14T09:22:40","date_gmt":"2025-12-14T06:22:40","guid":{"rendered":"https:\/\/demo.filizdigital.com\/?post_type=product&#038;p=43189"},"modified":"2025-12-14T09:22:46","modified_gmt":"2025-12-14T06:22:46","slug":"arac-krikoda-iken-sehpaya-almadan-altina-yatma","status":"publish","type":"product","link":"https:\/\/demo.filizdigital.com\/index.php\/urun\/arac-krikoda-iken-sehpaya-almadan-altina-yatma\/","title":{"rendered":"Ara\u00e7 Krikoda \u0130ken Sehpaya Almadan Alt\u0131na Yatma"},"content":{"rendered":"<h3>Ara\u00e7 Krikoda \u0130ken Sehpaya Almadan Alt\u0131na Yatma Uyar\u0131 Levhas\u0131. Tamir at\u00f6lyesi ile ilgili t\u00fcm uyar\u0131 levhalara <a class=\"kategori\" title=\"tamirhane uyar\u0131 levhalar\u0131\" href=\"https:\/\/uyarilevha.com\/product-category\/is-guvenlik-levhalari\/tamirhane-uyari-levhalari\/\">&#8220;bu kategoriden&#8221;<\/a> ula\u015fabilirsin.<\/h3>\n","protected":false},"excerpt":{"rendered":"<p>Ara\u00e7 Krikoda \u0130ken Sehpaya Almadan Alt\u0131na Yatma \u0130kaz Levhas\u0131<\/p>\n","protected":false},"featured_media":43205,"comment_status":"open","ping_status":"closed","template":"","meta":[],"product_brand":[],"product_cat":[245],"product_tag":[174,330,331,247],"class_list":{"0":"post-43189","1":"product","2":"type-product","3":"status-publish","4":"has-post-thumbnail","6":"product_cat-tamir-bakim-ve-ariza-uyarilari","7":"product_tag-arac","8":"product_tag-kriko","9":"product_tag-sehpa","10":"product_tag-tamir","12":"first","13":"instock","14":"shipping-taxable","15":"purchasable","16":"product-type-variable","17":"has-default-attributes"},"_links":{"self":[{"href":"https:\/\/demo.filizdigital.com\/index.php\/wp-json\/wp\/v2\/product\/43189","targetHints":{"allow":["GET"]}}],"collection":[{"href":"https:\/\/demo.filizdigital.com\/index.php\/wp-json\/wp\/v2\/product"}],"about":[{"href":"https:\/\/demo.filizdigital.com\/index.php\/wp-json\/wp\/v2\/types\/product"}],"replies":[{"embeddable":true,"href":"https:\/\/demo.filizdigital.com\/index.php\/wp-json\/wp\/v2\/comments?post=43189"}],"wp:featuredmedia":[{"embeddable":true,"href":"https:\/\/demo.filizdigital.com\/index.php\/wp-json\/wp\/v2\/media\/43205"}],"wp:attachment":[{"href":"https:\/\/demo.filizdigital.com\/index.php\/wp-json\/wp\/v2\/media?parent=43189"}],"wp:term":[{"taxonomy":"product_brand","embeddable":true,"href":"https:\/\/demo.filizdigital.com\/index.php\/wp-json\/wp\/v2\/product_brand?post=43189"},{"taxonomy":"product_cat","embeddable":true,"href":"https:\/\/demo.filizdigital.com\/index.php\/wp-json\/wp\/v2\/product_cat?post=43189"},{"taxonomy":"product_tag","embeddable":true,"href":"https:\/\/demo.filizdigital.com\/index.php\/wp-json\/wp\/v2\/product_tag?post=43189"}],"curies":[{"name":"wp","href":"https:\/\/api.w.org\/{rel}","templated":true}]}}