{"id":43471,"date":"2025-12-14T09:23:15","date_gmt":"2025-12-14T06:23:15","guid":{"rendered":"https:\/\/demo.filizdigital.com\/?post_type=product&#038;p=43471"},"modified":"2025-12-14T09:23:44","modified_gmt":"2025-12-14T06:23:44","slug":"arac-yukleme-bosaltma-sofor-talimati","status":"publish","type":"product","link":"https:\/\/demo.filizdigital.com\/index.php\/urun\/arac-yukleme-bosaltma-sofor-talimati\/","title":{"rendered":"Ara\u00e7 Y\u00fckleme Bo\u015faltma \u015eof\u00f6r Talimat\u0131"},"content":{"rendered":"<h3>Ara\u00e7 Y\u00fckleme Bo\u015faltma \u015eof\u00f6r Talimat\u0131 Uyar\u0131 Levhas\u0131. Giri\u015f ve \u00e7\u0131k\u0131\u015f ile ilgili t\u00fcm uyar\u0131 levhalar\u0131na <a class=\"kategori\" title=\"y\u00fckleme, bo\u015faltma ve y\u00fck kald\u0131rma levhalar\u0131\" href=\"https:\/\/uyarilevha.com\/product-category\/is-guvenlik-levhalari\/yukleme-bosaltma-yuk-kaldirma-levhalari\/\">&#8220;bu kategoriden&#8221;<\/a> ula\u015fabilirsin.<\/h3>\n","protected":false},"excerpt":{"rendered":"<p>Ara\u00e7 Y\u00fckleme Bo\u015faltma \u015eof\u00f6r Talimat\u0131 \u0130kaz Levhas\u0131<\/p>\n","protected":false},"featured_media":43481,"comment_status":"open","ping_status":"closed","template":"","meta":[],"product_brand":[],"product_cat":[236],"product_tag":[174,323,336,337,338,339,324],"class_list":{"0":"post-43471","1":"product","2":"type-product","3":"status-publish","4":"has-post-thumbnail","6":"product_cat-yukleme-bosaltma-ve-yuk-kaldirma-levhalari","7":"product_tag-arac","8":"product_tag-bosaltma","9":"product_tag-lastik","10":"product_tag-motor","11":"product_tag-sofor","12":"product_tag-takoz","13":"product_tag-yukleme","15":"first","16":"instock","17":"shipping-taxable","18":"purchasable","19":"product-type-variable","20":"has-default-attributes"},"_links":{"self":[{"href":"https:\/\/demo.filizdigital.com\/index.php\/wp-json\/wp\/v2\/product\/43471","targetHints":{"allow":["GET"]}}],"collection":[{"href":"https:\/\/demo.filizdigital.com\/index.php\/wp-json\/wp\/v2\/product"}],"about":[{"href":"https:\/\/demo.filizdigital.com\/index.php\/wp-json\/wp\/v2\/types\/product"}],"replies":[{"embeddable":true,"href":"https:\/\/demo.filizdigital.com\/index.php\/wp-json\/wp\/v2\/comments?post=43471"}],"wp:featuredmedia":[{"embeddable":true,"href":"https:\/\/demo.filizdigital.com\/index.php\/wp-json\/wp\/v2\/media\/43481"}],"wp:attachment":[{"href":"https:\/\/demo.filizdigital.com\/index.php\/wp-json\/wp\/v2\/media?parent=43471"}],"wp:term":[{"taxonomy":"product_brand","embeddable":true,"href":"https:\/\/demo.filizdigital.com\/index.php\/wp-json\/wp\/v2\/product_brand?post=43471"},{"taxonomy":"product_cat","embeddable":true,"href":"https:\/\/demo.filizdigital.com\/index.php\/wp-json\/wp\/v2\/product_cat?post=43471"},{"taxonomy":"product_tag","embeddable":true,"href":"https:\/\/demo.filizdigital.com\/index.php\/wp-json\/wp\/v2\/product_tag?post=43471"}],"curies":[{"name":"wp","href":"https:\/\/api.w.org\/{rel}","templated":true}]}}