{"id":44598,"date":"2025-12-14T09:26:02","date_gmt":"2025-12-14T06:26:02","guid":{"rendered":"https:\/\/demo.filizdigital.com\/?post_type=product&#038;p=44598"},"modified":"2025-12-14T09:26:10","modified_gmt":"2025-12-14T06:26:10","slug":"arsiv-odasi","status":"publish","type":"product","link":"https:\/\/demo.filizdigital.com\/index.php\/urun\/arsiv-odasi\/","title":{"rendered":"Ar\u015fiv Odas\u0131"},"content":{"rendered":"<h3>Ar\u015fiv Odas\u0131 Uyar\u0131 Levhas\u0131. B\u00f6l\u00fcm yer ve k\u0131s\u0131mlar ile ilgili t\u00fcm uyar\u0131 levhalar\u0131na <a class=\"kategori\" title=\"b\u00f6l\u00fcm yer ve k\u0131s\u0131m levhalar\u0131\" href=\"https:\/\/uyarilevha.com\/product-category\/is-guvenlik-levhalari\/bolum-yer-ve-kisimlar\/\">\u201cbu kategoriden\u201d<\/a>\u00a0ula\u015fabilirsin.<\/h3>\n","protected":false},"excerpt":{"rendered":"<p>Ar\u015fiv Odas\u0131 \u0130kaz Levhas\u0131<\/p>\n","protected":false},"featured_media":44621,"comment_status":"open","ping_status":"closed","template":"","meta":[],"product_brand":[],"product_cat":[88],"product_tag":[357],"class_list":{"0":"post-44598","1":"product","2":"type-product","3":"status-publish","4":"has-post-thumbnail","6":"product_cat-bolum-yer-ve-kisimlar","7":"product_tag-arsiv","9":"first","10":"instock","11":"shipping-taxable","12":"purchasable","13":"product-type-variable","14":"has-default-attributes"},"_links":{"self":[{"href":"https:\/\/demo.filizdigital.com\/index.php\/wp-json\/wp\/v2\/product\/44598","targetHints":{"allow":["GET"]}}],"collection":[{"href":"https:\/\/demo.filizdigital.com\/index.php\/wp-json\/wp\/v2\/product"}],"about":[{"href":"https:\/\/demo.filizdigital.com\/index.php\/wp-json\/wp\/v2\/types\/product"}],"replies":[{"embeddable":true,"href":"https:\/\/demo.filizdigital.com\/index.php\/wp-json\/wp\/v2\/comments?post=44598"}],"wp:featuredmedia":[{"embeddable":true,"href":"https:\/\/demo.filizdigital.com\/index.php\/wp-json\/wp\/v2\/media\/44621"}],"wp:attachment":[{"href":"https:\/\/demo.filizdigital.com\/index.php\/wp-json\/wp\/v2\/media?parent=44598"}],"wp:term":[{"taxonomy":"product_brand","embeddable":true,"href":"https:\/\/demo.filizdigital.com\/index.php\/wp-json\/wp\/v2\/product_brand?post=44598"},{"taxonomy":"product_cat","embeddable":true,"href":"https:\/\/demo.filizdigital.com\/index.php\/wp-json\/wp\/v2\/product_cat?post=44598"},{"taxonomy":"product_tag","embeddable":true,"href":"https:\/\/demo.filizdigital.com\/index.php\/wp-json\/wp\/v2\/product_tag?post=44598"}],"curies":[{"name":"wp","href":"https:\/\/api.w.org\/{rel}","templated":true}]}}