{"id":45879,"date":"2025-12-14T09:28:48","date_gmt":"2025-12-14T06:28:48","guid":{"rendered":"https:\/\/demo.filizdigital.com\/?post_type=product&#038;p=45879"},"modified":"2025-12-14T09:29:02","modified_gmt":"2025-12-14T06:29:02","slug":"ashane-kapi-isimligi","status":"publish","type":"product","link":"https:\/\/demo.filizdigital.com\/index.php\/urun\/ashane-kapi-isimligi\/","title":{"rendered":"A\u015fhane Kap\u0131 \u0130simli\u011fi"},"content":{"rendered":"<p>A\u015fhane Kap\u0131 \u0130simli\u011fi<\/p>\n","protected":false},"excerpt":{"rendered":"<p>A\u015fhane Kap\u0131 \u0130simli\u011fi<\/p>\n","protected":false},"featured_media":45911,"comment_status":"open","ping_status":"closed","template":"","meta":[],"product_brand":[],"product_cat":[384],"product_tag":[385],"class_list":{"0":"post-45879","1":"product","2":"type-product","3":"status-publish","4":"has-post-thumbnail","6":"product_cat-belirlenmis-alanlar-kapi-isimlikleri","7":"product_tag-ashane","9":"first","10":"instock","11":"shipping-taxable","12":"purchasable","13":"product-type-variable","14":"has-default-attributes"},"_links":{"self":[{"href":"https:\/\/demo.filizdigital.com\/index.php\/wp-json\/wp\/v2\/product\/45879","targetHints":{"allow":["GET"]}}],"collection":[{"href":"https:\/\/demo.filizdigital.com\/index.php\/wp-json\/wp\/v2\/product"}],"about":[{"href":"https:\/\/demo.filizdigital.com\/index.php\/wp-json\/wp\/v2\/types\/product"}],"replies":[{"embeddable":true,"href":"https:\/\/demo.filizdigital.com\/index.php\/wp-json\/wp\/v2\/comments?post=45879"}],"wp:featuredmedia":[{"embeddable":true,"href":"https:\/\/demo.filizdigital.com\/index.php\/wp-json\/wp\/v2\/media\/45911"}],"wp:attachment":[{"href":"https:\/\/demo.filizdigital.com\/index.php\/wp-json\/wp\/v2\/media?parent=45879"}],"wp:term":[{"taxonomy":"product_brand","embeddable":true,"href":"https:\/\/demo.filizdigital.com\/index.php\/wp-json\/wp\/v2\/product_brand?post=45879"},{"taxonomy":"product_cat","embeddable":true,"href":"https:\/\/demo.filizdigital.com\/index.php\/wp-json\/wp\/v2\/product_cat?post=45879"},{"taxonomy":"product_tag","embeddable":true,"href":"https:\/\/demo.filizdigital.com\/index.php\/wp-json\/wp\/v2\/product_tag?post=45879"}],"curies":[{"name":"wp","href":"https:\/\/api.w.org\/{rel}","templated":true}]}}