{"id":46991,"date":"2025-12-14T09:31:37","date_gmt":"2025-12-14T06:31:37","guid":{"rendered":"https:\/\/demo.filizdigital.com\/?post_type=product&#038;p=46991"},"modified":"2025-12-14T09:31:47","modified_gmt":"2025-12-14T06:31:47","slug":"atik-kagit","status":"publish","type":"product","link":"https:\/\/demo.filizdigital.com\/index.php\/urun\/atik-kagit\/","title":{"rendered":"At\u0131k Ka\u011f\u0131t"},"content":{"rendered":"<h3>At\u0131k Ka\u011f\u0131t Uyar\u0131 Levhas\u0131. Geri d\u00f6n\u00fc\u015f\u00fcm i\u015f g\u00fcvenlik levhalar\u0131na <a class=\"kategori\" title=\"geri d\u00f6n\u00fc\u015f\u00fcm uyar\u0131 levhalar\u0131\" href=\"https:\/\/uyarilevha.com\/product-category\/is-guvenlik-levhalari\/geri-donusum-uyari-levhalari\/\">\u201cbu kategoriden\u201d<\/a>\u00a0ula\u015fabilirsin.<\/h3>\n","protected":false},"excerpt":{"rendered":"<p>At\u0131k Ka\u011f\u0131t \u0130kaz Levhas\u0131<\/p>\n","protected":false},"featured_media":46997,"comment_status":"open","ping_status":"closed","template":"","meta":[],"product_brand":[],"product_cat":[396],"product_tag":[146,397,403],"class_list":{"0":"post-46991","1":"product","2":"type-product","3":"status-publish","4":"has-post-thumbnail","6":"product_cat-geri-donusum-uyari-levhalari","7":"product_tag-atik","8":"product_tag-geri-donusum","9":"product_tag-kagit","11":"first","12":"instock","13":"shipping-taxable","14":"purchasable","15":"product-type-variable","16":"has-default-attributes"},"_links":{"self":[{"href":"https:\/\/demo.filizdigital.com\/index.php\/wp-json\/wp\/v2\/product\/46991","targetHints":{"allow":["GET"]}}],"collection":[{"href":"https:\/\/demo.filizdigital.com\/index.php\/wp-json\/wp\/v2\/product"}],"about":[{"href":"https:\/\/demo.filizdigital.com\/index.php\/wp-json\/wp\/v2\/types\/product"}],"replies":[{"embeddable":true,"href":"https:\/\/demo.filizdigital.com\/index.php\/wp-json\/wp\/v2\/comments?post=46991"}],"wp:featuredmedia":[{"embeddable":true,"href":"https:\/\/demo.filizdigital.com\/index.php\/wp-json\/wp\/v2\/media\/46997"}],"wp:attachment":[{"href":"https:\/\/demo.filizdigital.com\/index.php\/wp-json\/wp\/v2\/media?parent=46991"}],"wp:term":[{"taxonomy":"product_brand","embeddable":true,"href":"https:\/\/demo.filizdigital.com\/index.php\/wp-json\/wp\/v2\/product_brand?post=46991"},{"taxonomy":"product_cat","embeddable":true,"href":"https:\/\/demo.filizdigital.com\/index.php\/wp-json\/wp\/v2\/product_cat?post=46991"},{"taxonomy":"product_tag","embeddable":true,"href":"https:\/\/demo.filizdigital.com\/index.php\/wp-json\/wp\/v2\/product_tag?post=46991"}],"curies":[{"name":"wp","href":"https:\/\/api.w.org\/{rel}","templated":true}]}}